s i(8)?
-1
Let r(a) = 115*a**2 + 150*a + 1009. Give r(-7).
5594
Let d(i) = -2*i**3 - 1834*i**2 - 289883*i + 709. Calculate d(-714).
-5
Let h(t) = 2924*t + 818709. Give h(-280).
-11
Let s(i) = 10*i**3 + 249*i**2 - 20*i - 225. What is s(-25)?
-350
Let l(s) = 460*s - 36363. Give l(79).
-23
Let a(s) = -39*s**2 + 4848*s - 4849. Calculate a(1).
-40
Let o(t) = -223*t - 1046. Give o(-4).
-154
Let p(z) = 14764*z - 14752. Calculate p(1).
12
Let v(h) = -8342*h - 61518. Give v(-7).
-3124
Let z(s) = -2*s**2 + 178*s + 2159. What is z(101)?
-265
Let f(l) = 4*l**3 + 154*l**2 + 1402*l + 15. Determine f(-24).
-225
Let h(v) = -43*v**3 + 427*v**2 + 16*v + 109. What is h(10)?
-31
Let q(b) = b**2 + 299*b - 53135. Determine q(130).
2635
Let r(k) = -k**3 - 4085*k**2 + 11*k + 10. What is r(0)?
10
Let f(z) = -264346*z - 19561624. Calculate f(-74).
-20
Let f(j) = -80*j**2 - 72806*j - 5460. Calculate f(-910).
0
Let j(u) = 136*u**2 - 242*u + 16. Calculate j(2).
76
Let j(s) = -25*s**3 - 824*s**2 - 832*s - 2050. Determine j(-32).
-2
Let d(u) = -2535832*u + 10143324. Give d(4).
-4
Let w(a) = -5935*a + 11947. Determine w(2).
77
Let a(p) = -p**3 - 101*p**2 - 15*p - 23026. What is a(-103)?
-263
Let c(v) = -3941*v - 3030632. Give c(-769).
-3
Let u(b) = -10*b**3 - 809*b**2 + 1616*b. What is u(2)?
-84
Let m(h) = -88*h**2 - 4316*h - 41239. Calculate m(-13).
-3
Let t(g) = -9*g**2 + 79*g + 128577. Determine t(124).
-11
Let c(h) = -h**2 - 46635*h - 372991. Give c(-8).
25
Let b(j) = 16*j**2 + 2974*j - 374. Give b(-186).
-2
Let c(p) = -11*p**3 - 8*p**2 + 15*p - 13. Determine c(4).
-785
Let d(w) = w**3 - 12*w**2 + 60*w - 478. Determine d(11).
61
Let d(u) = 159*u + 12891. Determine d(-81).
12
Let c(y) = 27504*y + 412565. What is c(-15)?
5
Let t(z) = 5909*z + 147754. Calculate t(-25).
29
Let g(s) = -s**2 - 9333*s - 758597. Calculate g(-82).
-15
Let b(v) = v**3 + 154*v**2 + 605*v + 746. Give b(-150).
-4
Let x(u) = 3*u**2 + 775*u - 21508. Give x(-285).
1292
Let h(a) = 17*a**2 - 36302*a - 109048. Give h(-3).
11
Let c(n) = -5914*n + 29576. Determine c(5).
6
Let n(o) = -38*o**2 - 45*o - 58. Calculate n(-3).
-265
Let x(i) = -i**3 + 172*i**2 - 280*i - 10192. Give x(170).
8
Let a(i) = -13*i**3 + 432*i**2 - 858*i - 1260. Calculate a(31).
11
Let w(k) = -201*k + 5356. What is w(27)?
-71
Let g(u) = -2*u**2 + 25531*u + 588300. What is g(-23)?
29
Let u(y) = -817*y - 22583. What is u(-24)?
-2975
Let n(g) = g**2 - 2366*g - 69442. What is n(-29)?
13
Let h(r) = 393*r - 12653. Calculate h(27).
-2042
Let j(v) = -9710*v - 310719. Give j(-32).
1
Let c(p) = -22*p**2 + 899*p - 5238. Determine c(7).
-23
Let c(l) = -4*l**2 + 2653*l + 24000. What is c(-9)?
-201
Let v(o) = -771*o + 2407. Determine v(3).
94
Let l(o) = 367*o**2 + 244*o + 647. Give l(-3).
3218
Let a(z) = -39*z**3 - 617*z**2 + 67*z - 95. Give a(-16).
625
Let u(l) = -128*l**2 - 1909*l + 154. Calculate u(-15).
-11
Let r(p) = -1727*p - 93318. Calculate r(-54).
-60
Let n(q) = 3*q**2 + 243*q - 5767. Determine n(19).
-67
Let k(a) = -a**2 - 142*a - 760. Calculate k(-5).
-75
Let h(s) = s**3 + 164*s**2 - 189*s - 3336. Calculate h(5).
-56
Let g(s) = 2*s**2 - 372*s + 14000. Give g(133).
-98
Let h(t) = -t**3 + 34*t**2 - 66*t - 428. Determine h(33).
-1517
Let p(k) = k**3 + 38*k**2 + 301*k - 291. What is p(-26)?
-5
Let j(r) = -2*r**3 + 2*r**2 - 27*r - 69. Give j(-6).
597
Let d(v) = 60173*v + 2767955. Determine d(-46).
-3
Let q(d) = 3*d**3 + 202*d**2 - 1363*d + 1388. What is q(5)?
-2
Let q(r) = -4962*r - 560712. Give q(-113).
-6
Let q(b) = 16*b**3 + 256*b**2 - 73*b - 1451. Calculate q(-16).
-283
Let x(h) = -2*h**2 + 31*h - 776. Calculate x(18).
-866
Let t(u) = -28787*u - 460588. Give t(-16).
4
Let x(f) = -914*f + 37479. Calculate x(41).
5
Let j(b) = 9337*b - 17. Calculate j(0).
-17
Let f(v) = -66*v + 313. Determine f(-13).
1171
Let r(t) = -4*t**3 + 18*t**2 + 4558*t - 22730. Determine r(5).
10
Let x(k) = 206200*k - 2061994. Determine x(10).
6
Let d(g) = -g**2 + 157*g - 3537. Calculate d(125).
463
Let m(g) = -8319*g + 7936324. What is m(954)?
-2
Let d(f) = -f**3 - 19*f**2 + 12*f + 230. Give d(-19).
2
Let n(r) = -8*r**2 + 373*r + 202. Determine n(43).
1449
Let q(t) = -1379032*t + 6895154. What is q(5)?
-6
Let h(x) = -x**3 + 369*x**2 + 359*x + 4118. What is h(370)?
48
Let d(w) = 462*w**2 + 5344*w + 6. What is d(-11)?
-2876
Let a(m) = -184724*m - 554141. Calculate a(-3).
31
Let t(r) = -r**3 - 26*r**2 + 37*r - 70. Determine t(2).
-108
Let g(p) = -220165*p + 13430068. Give g(61).
3
Let o(z) = 1645*z - 129941. Determine o(79).
14
Let y(z) = -51*z**2 - 26789*z - 7453. What is y(-525)?
-103
Let h(d) = -109*d**2 + 89*d. Give h(1).
-20
Let r(w) = -5*w**2 - 103621*w + 1347920. Calculate r(13).
2
Let h(x) = -37*x + 26209. Give h(710).
-61
Let b(j) = 3*j**2 + 223*j + 1054. What is b(-53)?
-2338
Let t(x) = -144*x + 15407. Determine t(114).
-1009
Let h(x) = -x**3 + 14*x**2 + 62*x + 33. Determine h(-3).
0
Let s(f) = -663*f**2 - 69*f + 72. Determine s(1).
-660
Let v(y) = 413*y**2 - 19405*y - 275. What is v(47)?
7
Let x(z) = 14*z**2 - 174*z + 564. Determine x(6).
24
Let s(i) = -2*i**3 + 97*i**2 - 78*i + 80. Give s(48).
-1360
Let m(s) = s**2 - 398*s - 2203. Give m(0).
-2203
Let r(i) = 59021*i + 767295. Determine r(-13).
22
Let p(b) = 6994*b - 56131. Determine p(8).
-179
Let i(k) = -3*k**2 + 339*k - 9558. What is i(55)?
12
Let w(x) = 5*x**3 + 111*x**2 - 678*x - 11457. Calculate w(-9).
-9
Let q(h) = -7*h**3 - 2*h**2 - 11492*h + 23000. What is q(2)?
-48
Let r(u) = -26*u**3 - 33*u**2 - 13*u - 9. What is r(-3)?
435
Let j(a) = -368*a - 26857. Determine j(-75).
743
Let d(a) = -2*a**2 - 332*a - 13576. What is d(-92)?
40
Let t(q) = -976*q - 63695. Determine t(-64).
-1231
Let g(z) = z**3 + 269*z**2 + 825*z + 7564. Calculate g(-266).
382
Let w(t) = -15*t**2 - 2412*t + 14409. Give w(6).
-603
Let o(h) = -h**3 + 74*h**2 + 69*h + 314. What is o(75)?
-136
Let a(h) = -3*h**3 - 50*h**2 + 525*h - 144. What is a(-24)?
-72
Let s(b) = 2*b**3 + 200*b**2 + 11821*b + 1247360. Determine s(-102).
2
Let q(h) = -h**3 - 38*h**2 - 39*h + 1515. What is q(-36)?
327
Let n(d) = 15305*d - 91444. Give n(6).
386
Let t(x) = 12*x**3 - 301*x**2 - 50*x - 288. What is t(25)?
-2163
Let f(t) = -460*t**2 + 28520*t - 56. Calculate f(62).
-56
Let s(l) = l**3 + l**2 - 749*l - 5392. Calculate s(30).
38
Let w(h) = 31131*h - 155658. Determine w(5).
-3
Let b(v) = -6*v**3 + 23*v**2 + 733*v - 1492. What is b(2)?
18
Let m(q) = -2512*q - 27773. Give m(-11).
-141
Let d(m) = 4*m**2 - 23177*m - 441809. Give d(-19).
-2
Let k(u) = 10*u**3 - 153*u**2 + 185*u + 25. Give k(14).
67
Let w(p) = 3464*p - 519614. Calculate w(150).
-14
Let n(a) = 354*a + 31604. Give n(-85).
1514
Let c(u) = 23*u**2 - 16285*u + 16284. What is c(1)?
22
Let k(o) = 23*o**3 + 642*o**2 - 58*o - 11. Give k(-28).
45
Let i(j) = j**3 + 681*j**2 + 11928*j - 83. Calculate i(-18).
25
Let i(m) = -m**2 - 148*m - 844. Calculate i(-142).
8
Let l(j) = -56*j**3 + 106*j - 207. Determine l(2).
-443
Let o(i) = 9*i**2 - 121*i - 48. Determine o(-4).
580
Let g(i) = i**3 - 150*i**2 + 4926*i - 3045. What is g(102)?
15
Let m(h) = -3*h**2 + 149*h - 1595. Give m(12).
-239
Let d(s) = -18586*s + 408896. Give d(22).
4
Let p(y) = y**3 + 62*y**2 - 460*y - 43. Give p(6).
-355
Let r(j) = -j**3 + 306*j**2 + 321*j - 4286. Give r(307).
12
Let m(u) = -4366005*u + 65490073. What is m(15)?
-2
Let z(n) = -6*n**2 + 2797*n - 39041. Determine z(14).
-1059
Let o(s) = 1082*s + 851539. Give o(-787).
5
Let m(w) = -w**3 + 11*w**2 - 18*w + 524. What is m(13)?
-48
Let k(o) = 1268*o + 46984. Calculate k(-37).
68
Let o(s) = -23*s**2 - 200*s + 1219. Calculate o(6).
-809
Let n(c) = -2552*c + 1329597. Determine n(521).
5
Let c(h) = 188*h**2 - 2301*h + 4211. What is c(10)?
1
Let b(t) = 3867*t + 3853. Give b(-1).
-14
Let g(h) = -9*h**2 + 9*h + 2779. Calculate g(18).
25
Let g(y) = -2*y**2 + 33587*y - 268645. What is g(8)?
-77
Let d(n) = -6*n**3 - 17*n**2 - 148*n - 273. Determine d(-2).
3
Let c(a) = -196*a**2 + 7453*a - 506. Determine c(38).
-316
Let q(c) = 109565*c - 2958261. Give q(27).
-6
Let l(q) = 4*q**3 + 3*q**2 - 14709*q - 88238. Calculate l(-6).
-740
Let t(b) = -5*b**2 - 1321*b - 12724. Give t(-10).
-14
Let f(h) = 4123*h - 8062. Determine f(2).
184
Let z(u) = -u**2 + 14164*u - 635424. What is z(45)?
-69
Let v(g) = -115*g**2 +